{"id":43,"date":"2014-02-06T11:28:42","date_gmt":"2014-02-06T11:28:42","guid":{"rendered":"http:\/\/dev.tshelfer.de\/?page_id=43"},"modified":"2025-11-22T22:21:32","modified_gmt":"2025-11-22T22:21:32","slug":"zumba-gold","status":"publish","type":"page","link":"https:\/\/www.tshelfer.de\/?page_id=43","title":{"rendered":"Zumba Gold"},"content":{"rendered":"<p><img loading=\"lazy\" decoding=\"async\" src=\"http:\/\/www.tshelfer.de\/wp-content\/uploads\/2015\/02\/zumba_gold.jpg\" alt=\"zumba_gold\" width=\"202\" height=\"227\" \/><\/p>\n<p>ZUMBA GOLD\u00ae<br \/>\nSCHWING DIE H\u00dcFTEN IN DEINEM EIGENEN TEMPO<br \/>\nMit dem einfachen Programm kannst du dich in deinem eigenen Tempo zur Musik bewegen. Es ist ein belebender, gemeinschaftsorientierter Tanzfitnesskurs, der lebendig und vor allem mitrei\u00dfend ist. Zumba Gold\u00ae Kurse beinhalten abgewandelte, Low Impact Bewegungen f\u00fcr aktive \u00e4ltere Erwachsene und Einsteiger jeglichen Alters.<\/p>\n<p>&nbsp;<\/p>\n<p><a href=\"http:\/\/www.tshelfer.de\/wp-content\/uploads\/2014\/02\/zumba_gold.jpg\"><img loading=\"lazy\" decoding=\"async\" class=\"alignnone wp-image-242\" src=\"http:\/\/dev.tshelfer.de\/wp-content\/uploads\/2014\/02\/zumba_gold.jpg\" alt=\"zumba_gold\" width=\"166\" height=\"187\" srcset=\"https:\/\/www.tshelfer.de\/wp-content\/uploads\/2014\/02\/zumba_gold.jpg 400w, https:\/\/www.tshelfer.de\/wp-content\/uploads\/2014\/02\/zumba_gold-265x300.jpg 265w\" sizes=\"auto, (max-width: 166px) 100vw, 166px\" \/><\/a><\/p>\n\n<table id=\"tablepress-Zumba_Go\" class=\"tablepress tablepress-id-Zumba_Go\">\n<tbody class=\"row-hover\">\n<tr class=\"row-1\">\n\t<td class=\"column-1\">Kurs-Nr.<\/td><td class=\"column-2\">Tag<\/td><td class=\"column-3\">Uhrzeit<\/td>\n<\/tr>\n<tr class=\"row-2\">\n\t<td class=\"column-1\">ZCB<\/td><td class=\"column-2\">Montag<br \/>\n<\/td><td class=\"column-3\">18:00 Uhr<\/td>\n<\/tr>\n<\/tbody>\n<\/table>\n<!-- #tablepress-Zumba_Go from cache -->\n<p>w\u00f6chentlich 60 Minuten, mtl. \u20ac30,- pro Person<\/p>\n<p>&nbsp;<\/p>\n<p>&nbsp;<\/p>\n<p>&nbsp;<\/p>\n<p>&nbsp;<\/p>\n","protected":false},"excerpt":{"rendered":"<p>ZUMBA GOLD\u00ae SCHWING DIE H\u00dcFTEN IN DEINEM EIGENEN TEMPO Mit dem einfachen Programm kannst du dich in deinem eigenen Tempo zur Musik bewegen. Es ist ein belebender, gemeinschaftsorientierter Tanzfitnesskurs, der lebendig und vor allem mitrei\u00dfend ist. Zumba Gold\u00ae Kurse beinhalten abgewandelte, Low Impact Bewegungen f\u00fcr aktive \u00e4ltere Erwachsene und Einsteiger jeglichen Alters. &nbsp; w\u00f6chentlich 60 [&hellip;]<\/p>\n","protected":false},"author":3,"featured_media":0,"parent":39,"menu_order":2,"comment_status":"closed","ping_status":"closed","template":"","meta":{"site-sidebar-layout":"default","site-content-layout":"default","ast-site-content-layout":"default","site-content-style":"default","site-sidebar-style":"default","ast-global-header-display":"","ast-banner-title-visibility":"","ast-main-header-display":"","ast-hfb-above-header-display":"","ast-hfb-below-header-display":"","ast-hfb-mobile-header-display":"","site-post-title":"","ast-breadcrumbs-content":"","ast-featured-img":"","footer-sml-layout":"","ast-disable-related-posts":"","theme-transparent-header-meta":"default","adv-header-id-meta":"","stick-header-meta":"","header-above-stick-meta":"","header-main-stick-meta":"","header-below-stick-meta":"","astra-migrate-meta-layouts":"set","ast-page-background-enabled":"default","ast-page-background-meta":{"desktop":{"background-color":"","background-image":"","background-repeat":"repeat","background-position":"center center","background-size":"auto","background-attachment":"scroll","background-type":"","background-media":"","overlay-type":"","overlay-color":"","overlay-opacity":"","overlay-gradient":""},"tablet":{"background-color":"","background-image":"","background-repeat":"repeat","background-position":"center center","background-size":"auto","background-attachment":"scroll","background-type":"","background-media":"","overlay-type":"","overlay-color":"","overlay-opacity":"","overlay-gradient":""},"mobile":{"background-color":"","background-image":"","background-repeat":"repeat","background-position":"center center","background-size":"auto","background-attachment":"scroll","background-type":"","background-media":"","overlay-type":"","overlay-color":"","overlay-opacity":"","overlay-gradient":""}},"ast-content-background-meta":{"desktop":{"background-color":"var(--ast-global-color-5)","background-image":"","background-repeat":"repeat","background-position":"center center","background-size":"auto","background-attachment":"scroll","background-type":"","background-media":"","overlay-type":"","overlay-color":"","overlay-opacity":"","overlay-gradient":""},"tablet":{"background-color":"var(--ast-global-color-5)","background-image":"","background-repeat":"repeat","background-position":"center center","background-size":"auto","background-attachment":"scroll","background-type":"","background-media":"","overlay-type":"","overlay-color":"","overlay-opacity":"","overlay-gradient":""},"mobile":{"background-color":"var(--ast-global-color-5)","background-image":"","background-repeat":"repeat","background-position":"center center","background-size":"auto","background-attachment":"scroll","background-type":"","background-media":"","overlay-type":"","overlay-color":"","overlay-opacity":"","overlay-gradient":""}},"footnotes":""},"class_list":["post-43","page","type-page","status-publish","hentry"],"_links":{"self":[{"href":"https:\/\/www.tshelfer.de\/index.php?rest_route=\/wp\/v2\/pages\/43","targetHints":{"allow":["GET"]}}],"collection":[{"href":"https:\/\/www.tshelfer.de\/index.php?rest_route=\/wp\/v2\/pages"}],"about":[{"href":"https:\/\/www.tshelfer.de\/index.php?rest_route=\/wp\/v2\/types\/page"}],"author":[{"embeddable":true,"href":"https:\/\/www.tshelfer.de\/index.php?rest_route=\/wp\/v2\/users\/3"}],"replies":[{"embeddable":true,"href":"https:\/\/www.tshelfer.de\/index.php?rest_route=%2Fwp%2Fv2%2Fcomments&post=43"}],"version-history":[{"count":18,"href":"https:\/\/www.tshelfer.de\/index.php?rest_route=\/wp\/v2\/pages\/43\/revisions"}],"predecessor-version":[{"id":2750,"href":"https:\/\/www.tshelfer.de\/index.php?rest_route=\/wp\/v2\/pages\/43\/revisions\/2750"}],"up":[{"embeddable":true,"href":"https:\/\/www.tshelfer.de\/index.php?rest_route=\/wp\/v2\/pages\/39"}],"wp:attachment":[{"href":"https:\/\/www.tshelfer.de\/index.php?rest_route=%2Fwp%2Fv2%2Fmedia&parent=43"}],"curies":[{"name":"wp","href":"https:\/\/api.w.org\/{rel}","templated":true}]}}