{"id":259,"date":"2014-08-24T10:25:28","date_gmt":"2014-08-24T10:25:28","guid":{"rendered":"http:\/\/dev.tshelfer.de\/?page_id=259"},"modified":"2020-06-04T13:02:29","modified_gmt":"2020-06-04T13:02:29","slug":"impressum-2","status":"publish","type":"page","link":"https:\/\/www.tshelfer.de\/?page_id=259","title":{"rendered":"Impressum"},"content":{"rendered":"<p><span style=\"color: #000000;\">Angaben gem\u00e4\u00df \u00a7 5 TMG:<\/span><\/p>\n<p><strong>Tanzschule Helfer<br \/>\n<\/strong><strong>Inh. Dana Schollmeyer<br \/>\n<\/strong><\/p>\n<p><span style=\"color: #000000;\">Wilhelm-Schroeder-Str. 20<\/span><br \/>\n<span style=\"color: #000000;\"> 47441 Moers<\/span><\/p>\n<p><span style=\"color: #000000;\"><strong>Kontakt:<br \/>\n<\/strong><\/span><span style=\"color: #000000;\"> Fon: 02841 25626<\/span><br \/>\n<span style=\"color: #000000;\"> Fax: 02841 21342<\/span><br \/>\n<span style=\"color: #000000;\"> E-Mail: <\/span>info@tshelfer.de<\/p>\n<div dir=\"auto\">Bankverbindung<\/div>\n<div dir=\"auto\">Sparkasse am Niederrhein<\/div>\n<div dir=\"auto\">IBAN: DE68 3545 0000 1101 0998 75<\/div>\n<div dir=\"auto\">BIC: WELADED1MOR<\/div>\n<div dir=\"auto\"><\/div>\n<p style=\"text-align: center;\">&#8211; &#8211; &#8211; &#8211; &#8211; &#8211; &#8211; &#8211; &#8211; &#8211; &#8211; &#8211; &#8211; &#8211; &#8211; &#8211;<\/p>\n<p><span style=\"color: #000000;\"> Umsatzsteuer-Identifikationsnummer gem\u00e4\u00df \u00a7 27 a Umsatzsteuergesetz:<\/span><\/p>\n<p><span style=\"color: #000000;\">199\/5275\/3015<\/span><\/p>\n<p style=\"text-align: center;\"><span style=\"text-align: center; color: #000000;\">&#8211; &#8211; &#8211; &#8211; &#8211; &#8211; &#8211; &#8211; &#8211; &#8211; &#8211; &#8211; &#8211; &#8211; &#8211; &#8211;\u00a0<\/span><\/p>\n<p><span style=\"color: #000000;\">Verantwortlich f\u00fcr den Inhalt nach \u00a7 55 Abs. 2 RStV:<\/span><br \/>\n<span style=\"color: #000000;\">Dana Schollmeyer<br \/>\n<\/span><\/p>\n<p><span style=\"color: #000000;\">Wilhelm-Schroeder-Str. 20<\/span><br \/>\n<span style=\"color: #000000;\"> 47441 Moers<\/span><br \/>\n<span style=\"color: #000000;\"> E-Mail: info@tshelfer.de<\/span><\/p>\n<hr \/>\n<h3><span style=\"color: #000000;\">Haftungsausschluss:<\/span><\/h3>\n<p><span style=\"color: #000000;\"><strong>Eigene Inhalte<\/strong><\/span><br \/>\n<span style=\"color: #000000;\"> Als Diensteanbieter sind wir gem\u00e4\u00df \u00a7 7 Abs.1 TMG f\u00fcr eigene Inhalte auf diesen Seiten nach den allgemeinen Gesetzen verantwortlich. Nach \u00a7\u00a7 8 bis 10 TMG sind wir als Diensteanbieter jedoch nicht verpflichtet, \u00fcbermittelte oder gespeicherte fremde Informationen zu \u00fcberwachen oder nach Umst\u00e4nden zu forschen, die auf eine rechtswidrige T\u00e4tigkeit hinweisen. Verpflichtungen zur Entfernung oder Sperrung der Nutzung von Informationen nach den allgemeinen Gesetzen bleiben hiervon unber\u00fchrt. Eine diesbez\u00fcgliche Haftung ist jedoch erst ab dem Zeitpunkt der Kenntnis einer konkreten Rechtsverletzung m\u00f6glich. Bei Bekanntwerden von entsprechenden Rechtsverletzungen werden wir diese Inhalte umgehend entfernen.<\/span><\/p>\n<p><span style=\"color: #000000;\"><strong>Verlinkte Inhalte<\/strong><\/span><br \/>\n<span style=\"color: #000000;\"> Unser Angebot enth\u00e4lt Links zu externen Webseiten Dritter, auf deren Inhalte wir keinen Einfluss haben. Deshalb k\u00f6nnen wir f\u00fcr diese fremden Inhalte auch keine Gew\u00e4hr \u00fcbernehmen. F\u00fcr die Inhalte der verlinkten Seiten ist stets der jeweilige Anbieter oder Betreiber der Seiten verantwortlich.<\/span><br \/>\n<span style=\"color: #000000;\"> Die verlinkten Seiten wurden zum Zeitpunkt der Verlinkungauf m\u00f6gliche Rechtsverst\u00f6\u00dfe \u00fcberpr\u00fcft. Rechtswidrige Inhalte waren zum Zeitpunkt der Verlinkung nicht erkennbar.<\/span><br \/>\n<span style=\"color: #000000;\"> Eine permanente inhaltliche Kontrolle der verlinkten Seiten ist jedoch ohne konkrete Anhaltspunkte einer Rechtsverletzung nicht zumutbar. Bei Bekanntwerden von Rechtsverletzungen werden wir derartige Links umgehend entfernen.<\/span><\/p>\n<hr \/>\n<p><span style=\"color: #000000;\"><strong>Urheberrecht<\/strong><\/span><br \/>\n<span style=\"color: #000000;\"> Alle auf diesen Seiten dargestellten Inhalte und Werke unterliegen dem deutschen Urheberrecht.<\/span><br \/>\n<span style=\"color: #000000;\"> Die Vervielf\u00e4ltigung, Bearbeitung, Verbreitung und jede Art der Verwertung au\u00dferhalb der Grenzen des Urheberrechtes bed\u00fcrfen der schriftlichen Zustimmung des jeweiligen Inhabers der Rechte.<\/span><br \/>\n<span style=\"color: #000000;\"> Auf die Urheberrechte Dritter wird in besonderer Weise hingewiesen.<\/span><\/p>\n<hr \/>\n<p><span style=\"color: #000000;\"><strong>Online-Streitbeilegung gem\u00e4\u00df Art. 14 Abs. 1 ODRVO:<\/strong><\/span><br \/>\n<span style=\"color: #000000;\"> Die Europ\u00e4ische Kommission stellt eine Plattform zur Online-Streitbeilegung (OS) bereit, die Sie in deutscher Sprache unter<\/span><\/p>\n<p><a href=\"https:\/\/ec.europa.eu\/consumers\/odr\/main\/index.cfm?event=main.home2.show&amp;lng=DE\" target=\"_blank\" rel=\"noopener noreferrer\">&#8222;https:\/\/ec.europa.eu\/consumers\/odr\/main\/index.cfm?event=main.home2.show&amp;lng=DE&#8220;\u00a0<\/a><\/p>\n<p><span style=\"color: #000000;\">finden.<\/span><\/p>\n<hr \/>\n","protected":false},"excerpt":{"rendered":"<p>Angaben gem\u00e4\u00df \u00a7 5 TMG: Tanzschule Helfer Inh. Dana Schollmeyer Wilhelm-Schroeder-Str. 20 47441 Moers Kontakt: Fon: 02841 25626 Fax: 02841 21342 E-Mail: info@tshelfer.de Bankverbindung Sparkasse am Niederrhein IBAN: DE68 3545 0000 1101 0998 75 BIC: WELADED1MOR &#8211; &#8211; &#8211; &#8211; &#8211; &#8211; &#8211; &#8211; &#8211; &#8211; &#8211; &#8211; &#8211; &#8211; &#8211; &#8211; Umsatzsteuer-Identifikationsnummer gem\u00e4\u00df \u00a7 [&hellip;]<\/p>\n","protected":false},"author":3,"featured_media":0,"parent":0,"menu_order":5,"comment_status":"closed","ping_status":"closed","template":"","meta":{"site-sidebar-layout":"default","site-content-layout":"default","ast-site-content-layout":"default","site-content-style":"default","site-sidebar-style":"default","ast-global-header-display":"","ast-banner-title-visibility":"","ast-main-header-display":"","ast-hfb-above-header-display":"","ast-hfb-below-header-display":"","ast-hfb-mobile-header-display":"","site-post-title":"","ast-breadcrumbs-content":"","ast-featured-img":"","footer-sml-layout":"","ast-disable-related-posts":"","theme-transparent-header-meta":"default","adv-header-id-meta":"","stick-header-meta":"","header-above-stick-meta":"","header-main-stick-meta":"","header-below-stick-meta":"","astra-migrate-meta-layouts":"default","ast-page-background-enabled":"default","ast-page-background-meta":{"desktop":{"background-color":"","background-image":"","background-repeat":"repeat","background-position":"center center","background-size":"auto","background-attachment":"scroll","background-type":"","background-media":"","overlay-type":"","overlay-color":"","overlay-opacity":"","overlay-gradient":""},"tablet":{"background-color":"","background-image":"","background-repeat":"repeat","background-position":"center center","background-size":"auto","background-attachment":"scroll","background-type":"","background-media":"","overlay-type":"","overlay-color":"","overlay-opacity":"","overlay-gradient":""},"mobile":{"background-color":"","background-image":"","background-repeat":"repeat","background-position":"center center","background-size":"auto","background-attachment":"scroll","background-type":"","background-media":"","overlay-type":"","overlay-color":"","overlay-opacity":"","overlay-gradient":""}},"ast-content-background-meta":{"desktop":{"background-color":"var(--ast-global-color-5)","background-image":"","background-repeat":"repeat","background-position":"center center","background-size":"auto","background-attachment":"scroll","background-type":"","background-media":"","overlay-type":"","overlay-color":"","overlay-opacity":"","overlay-gradient":""},"tablet":{"background-color":"var(--ast-global-color-5)","background-image":"","background-repeat":"repeat","background-position":"center center","background-size":"auto","background-attachment":"scroll","background-type":"","background-media":"","overlay-type":"","overlay-color":"","overlay-opacity":"","overlay-gradient":""},"mobile":{"background-color":"var(--ast-global-color-5)","background-image":"","background-repeat":"repeat","background-position":"center center","background-size":"auto","background-attachment":"scroll","background-type":"","background-media":"","overlay-type":"","overlay-color":"","overlay-opacity":"","overlay-gradient":""}},"footnotes":""},"class_list":["post-259","page","type-page","status-publish","hentry"],"_links":{"self":[{"href":"https:\/\/www.tshelfer.de\/index.php?rest_route=\/wp\/v2\/pages\/259","targetHints":{"allow":["GET"]}}],"collection":[{"href":"https:\/\/www.tshelfer.de\/index.php?rest_route=\/wp\/v2\/pages"}],"about":[{"href":"https:\/\/www.tshelfer.de\/index.php?rest_route=\/wp\/v2\/types\/page"}],"author":[{"embeddable":true,"href":"https:\/\/www.tshelfer.de\/index.php?rest_route=\/wp\/v2\/users\/3"}],"replies":[{"embeddable":true,"href":"https:\/\/www.tshelfer.de\/index.php?rest_route=%2Fwp%2Fv2%2Fcomments&post=259"}],"version-history":[{"count":26,"href":"https:\/\/www.tshelfer.de\/index.php?rest_route=\/wp\/v2\/pages\/259\/revisions"}],"predecessor-version":[{"id":1757,"href":"https:\/\/www.tshelfer.de\/index.php?rest_route=\/wp\/v2\/pages\/259\/revisions\/1757"}],"wp:attachment":[{"href":"https:\/\/www.tshelfer.de\/index.php?rest_route=%2Fwp%2Fv2%2Fmedia&parent=259"}],"curies":[{"name":"wp","href":"https:\/\/api.w.org\/{rel}","templated":true}]}}